{"id":3217,"date":"2022-09-30T15:28:46","date_gmt":"2022-09-30T15:28:46","guid":{"rendered":"http:\/\/www.hospitaltomasuribe.gov.co\/web\/?page_id=3217"},"modified":"2023-04-03T21:45:46","modified_gmt":"2023-04-03T21:45:46","slug":"acreditacion","status":"publish","type":"page","link":"https:\/\/www.hospitaltomasuribe.gov.co\/web\/acreditacion\/","title":{"rendered":"Acreditaci\u00f3n"},"content":{"rendered":"<p>&nbsp;<\/p>\n<p style=\"text-align: left;\">La E.S.E Hospital Departamental Tom\u00e1s Uribe Uribe de Tulu\u00e1, y el Ministerio de Salud y Protecci\u00f3n Social, mediante el decreto 903 de 2014 y la Resoluci\u00f3n 2082 de 2014, reglament\u00f3 el nuevo esquema de operaci\u00f3n del Sistema \u00danico de Acreditaci\u00f3n en Salud, que ICONTEC viene operando desde el a\u00f1o 2004.<\/p>\n<h2><\/h2>\n<p>&nbsp;<\/p>\n<h2 class=\"post_title\"><a href=\"http:\/\/www.hospitaltomasuribe.gov.co\/web\/referenciacion\/\">REFERENCIACI\u00d3N<\/a><\/h2>\n<h2 class=\"post_title\"><a href=\"http:\/\/www.hospitaltomasuribe.gov.co\/web\/resena-historica\/\">RESE\u00d1A HIST\u00d3RICA<\/a><\/h2>\n<h2 class=\"post_title\"><a href=\"http:\/\/www.hospitaltomasuribe.gov.co\/web\/quienes-somos\/\">QUIENES SOMOS<\/a><\/h2>\n<h2><a href=\"http:\/\/www.hospitaltomasuribe.gov.co\/web\/plan-de-desarrollo\/\">PLAN DE DESARROLLO<\/a><\/h2>\n<h2 class=\"post_title\"><a href=\"http:\/\/www.hospitaltomasuribe.gov.co\/web\/politica-de-calidad\/\">POL\u00cdTICA DEL SISTEMA DE GESTI\u00d3N INTEGRADO DE LA CALIDAD, MEDIO AMBIENTE Y SEGURIDAD Y SALUD EN EL TRABAJO<\/a><\/h2>\n<h2><a href=\"http:\/\/www.hospitaltomasuribe.gov.co\/web\/wp-content\/uploads\/2022\/11\/MD-DE-PO-006-Politica-Gesti\u00f3n-del-Riesgo.pdf\">POL\u00cdTICA GESTI\u00d3N DEL RIESGO<\/a><\/h2>\n<h2 class=\"post_title\"><a href=\"http:\/\/www.hospitaltomasuribe.gov.co\/web\/politica-de-seguridad-del-paciente\/\">POL\u00cdTICA DE SEGURIDAD DEL PACIENTE<\/a><\/h2>\n<h2 class=\"post_title\"><a href=\"http:\/\/www.hospitaltomasuribe.gov.co\/web\/politica-de-humanizacion\/\">POL\u00cdTICA DE HUMANIZACI\u00d3N<\/a><\/h2>\n<h2 class=\"post_title\"><a href=\"http:\/\/www.hospitaltomasuribe.gov.co\/web\/politica-fomento-de-la-salud\/\">POL\u00cdTICA FOMENTO DE LA SALUD<\/a><\/h2>\n<h2><a href=\"http:\/\/www.hospitaltomasuribe.gov.co\/web\/wp-content\/uploads\/2023\/01\/Aviso-de-privacidad-y-tratamiento-de-datos-personales-2023.pdf\">POL\u00cdTICA DE TRATAMIENTO DE LA INFORMACI\u00d3N<\/a><\/h2>\n<h2><\/h2>\n","protected":false},"excerpt":{"rendered":"<p>&nbsp; La E.S.E Hospital Departamental Tom\u00e1s Uribe Uribe de Tulu\u00e1, y el Ministerio de Salud y Protecci\u00f3n Social, mediante el decreto 903 de 2014 y la Resoluci\u00f3n 2082 de 2014, reglament\u00f3 el nuevo esquema de operaci\u00f3n del Sistema \u00danico de Acreditaci\u00f3n en Salud, que ICONTEC viene operando desde el a\u00f1o 2004. &nbsp; REFERENCIACI\u00d3N RESE\u00d1A HIST\u00d3RICA&hellip; <a class=\"continue\" href=\"https:\/\/www.hospitaltomasuribe.gov.co\/web\/acreditacion\/\">seguir leyendo<span> Acreditaci\u00f3n<\/span><\/a><\/p>\n","protected":false},"author":1,"featured_media":2284,"parent":0,"menu_order":0,"comment_status":"closed","ping_status":"closed","template":"","meta":{"om_disable_all_campaigns":false,"_monsterinsights_skip_tracking":false,"_monsterinsights_sitenote_active":false,"_monsterinsights_sitenote_note":"","_monsterinsights_sitenote_category":0,"footnotes":""},"class_list":["post-3217","page","type-page","status-publish","has-post-thumbnail","hentry"],"aioseo_notices":[],"_links":{"self":[{"href":"https:\/\/www.hospitaltomasuribe.gov.co\/web\/wp-json\/wp\/v2\/pages\/3217"}],"collection":[{"href":"https:\/\/www.hospitaltomasuribe.gov.co\/web\/wp-json\/wp\/v2\/pages"}],"about":[{"href":"https:\/\/www.hospitaltomasuribe.gov.co\/web\/wp-json\/wp\/v2\/types\/page"}],"author":[{"embeddable":true,"href":"https:\/\/www.hospitaltomasuribe.gov.co\/web\/wp-json\/wp\/v2\/users\/1"}],"replies":[{"embeddable":true,"href":"https:\/\/www.hospitaltomasuribe.gov.co\/web\/wp-json\/wp\/v2\/comments?post=3217"}],"version-history":[{"count":16,"href":"https:\/\/www.hospitaltomasuribe.gov.co\/web\/wp-json\/wp\/v2\/pages\/3217\/revisions"}],"predecessor-version":[{"id":4300,"href":"https:\/\/www.hospitaltomasuribe.gov.co\/web\/wp-json\/wp\/v2\/pages\/3217\/revisions\/4300"}],"wp:featuredmedia":[{"embeddable":true,"href":"https:\/\/www.hospitaltomasuribe.gov.co\/web\/wp-json\/wp\/v2\/media\/2284"}],"wp:attachment":[{"href":"https:\/\/www.hospitaltomasuribe.gov.co\/web\/wp-json\/wp\/v2\/media?parent=3217"}],"curies":[{"name":"wp","href":"https:\/\/api.w.org\/{rel}","templated":true}]}}