{"id":3362,"date":"2022-09-30T23:26:05","date_gmt":"2022-09-30T23:26:05","guid":{"rendered":"http:\/\/www.hospitaltomasuribe.gov.co\/web\/?page_id=3362"},"modified":"2024-06-13T15:07:08","modified_gmt":"2024-06-13T20:07:08","slug":"participacion-para-el-diagnostico-de-necesidades-e-identificacion-de-problemas","status":"publish","type":"page","link":"https:\/\/www.hospitaltomasuribe.gov.co\/web\/participacion-para-el-diagnostico-de-necesidades-e-identificacion-de-problemas\/","title":{"rendered":"Participaci\u00f3n para el diagn\u00f3stico de necesidades e identificaci\u00f3n de problemas"},"content":{"rendered":"<h2 style=\"text-align: center;\"><strong>\u00bfDe qu\u00e9 se trata el men\u00fa participa?<\/strong><\/h2>\n<p>El men\u00fa participa es donde puede encontrar las opciones de participaci\u00f3n ciudadana con la E.S.E Hospital Departamental Tom\u00e1s Uribe Uribe de Tulu\u00e1.<\/p>\n<p>&nbsp;<\/p>\n<h2 style=\"text-align: center;\"><strong>\u00bfCuales son las secciones que lo integran?<\/strong><\/h2>\n<h4 style=\"padding-left: 60px;\">1. Procesos organizacionales.<\/h4>\n<h4 style=\"padding-left: 60px;\">2. Herramientas de evaluaci\u00f3n.<\/h4>\n<h4 style=\"padding-left: 60px;\">3. Noticias y eventos<\/h4>\n<p>&nbsp;<\/p>\n<h2 style=\"text-align: center;\"><strong>\u00bfC\u00f3mo se puede participar?<\/strong><\/h2>\n<p>En las herramientas de evaluaci\u00f3n, encontrar\u00e1 enlaces a encuestas para participar de las diferentes estrategias de evaluaci\u00f3n de procesos para el mejoramiento de la entidad. Adicionalmente, encontrar\u00e1 noticias y eventos, herramientas de contacto y de peticiones, quejas, reclamos, felicitaciones y sugerencias.<\/p>\n<p>&nbsp;<\/p>\n<h4><a href=\"http:\/\/www.hospitaltomasuribe.gov.co\/web\/informes-de-gestion-evaluacion-y-auditoria\/\">Rendici\u00f3n de cuentas<\/a><\/h4>\n<h5><a href=\"https:\/\/forms.gle\/ZGKAXmKBzENqQ1nZ7\">Encuesta\u00a0de satisfacci\u00f3n de necesidades de informaci\u00f3n del cliente externo<\/a><\/h5>\n<h5><a href=\"https:\/\/docs.google.com\/forms\/d\/e\/1FAIpQLSdI5k7K0ON3uNebJ0zdHNSGt85riELrN84GMQI1A5zBGGobtQ\/viewform\" target=\"_blank\" rel=\"noopener\">Encuesta de satisfacci\u00f3n de urgencias<\/a><\/h5>\n<h5><a href=\"https:\/\/docs.google.com\/forms\/d\/e\/1FAIpQLSc3lAdLPcbh7Wds5vtO-rjBLngN96G_ECyn8QCD3z_QvfpcmA\/viewform\" target=\"_blank\" rel=\"noopener\">Encuesta de satisfacci\u00f3n de terapias<\/a><\/h5>\n<h5><a href=\"https:\/\/docs.google.com\/forms\/d\/e\/1FAIpQLSe1_B_ICDYPtOGmn4Ya7FyY5wXuWjOg_jeKzwHmcS6pqFbGxQ\/viewform\" target=\"_blank\" rel=\"noopener\">Encuesta de satisfacci\u00f3n de hospitalizaci\u00f3n<\/a><\/h5>\n<h5><a href=\"https:\/\/docs.google.com\/forms\/d\/e\/1FAIpQLScx2Ev3e9n7xG4k2fi_xPL669QgFzlaPD2rM4VmH8jiZ1PfoQ\/viewform\" target=\"_blank\" rel=\"noopener\">Encuesta de satisfacci\u00f3n de facturaci\u00f3n y citas m\u00e9dicas<\/a><\/h5>\n<h5><a href=\"https:\/\/docs.google.com\/forms\/d\/e\/1FAIpQLSc47c8kX9sHCsF_2e8fNGFMZ-91TkeI7fUOr8tKchhF1JE5AQ\/viewform\" target=\"_blank\" rel=\"noopener\">Encuesta de satisfacci\u00f3n de apoyo diagnostico y laboratorio<\/a><\/h5>\n<h5><a href=\"https:\/\/docs.google.com\/forms\/d\/e\/1FAIpQLSdcXS-A2L4ajSLVcPmU4GrXQGNeGXhaM9ilcYqATcKFD_ZRBQ\/viewform\" target=\"_blank\" rel=\"noopener\">Encuesta de satisfacci\u00f3n ambulatorio<\/a><\/h5>\n<h5><a href=\"https:\/\/docs.google.com\/forms\/d\/e\/1FAIpQLSeIoRfiHBb0fG5PpIVw9E3gG5-eAqAVnCVe8H3Z3r3iu5bTxg\/viewform\" target=\"_blank\" rel=\"noopener\">Encuesta de conocimiento y adherencia de derechos y deberes<\/a><\/h5>\n<h5><a href=\"http:\/\/www.hospitaltomasuribe.gov.co\/web\/contactenos\/\" target=\"_blank\" rel=\"noopener\">Cont\u00e1ctenos<\/a><\/h5>\n<h5><a href=\"http:\/\/www.hospitaltomasuribe.gov.co\/web\/blog\/\" target=\"_blank\" rel=\"noopener\">Noticias y eventos<\/a><\/h5>\n<h5><a href=\"http:\/\/www.hospitaltomasuribe.gov.co\/web\/wp-content\/uploads\/2024\/06\/NORMOGRAMA-DE-LA-ESE-HDTU-2024.xlsx\">Normativa<\/a><\/h5>\n<p>&nbsp;<\/p>\n<h4><a href=\"http:\/\/www.hospitaltomasuribe.gov.co\/web\/informes-trimestrales-sobre-acceso-a-informacion-quejas-y-reclamos\/\">Plan de participaci\u00f3n ciudadana<\/a><\/h4>\n<h4><a href=\"http:\/\/www.hospitaltomasuribe.gov.co\/web\/wp-content\/uploads\/2023\/01\/Plan-Anticorrupcion-HDTUU-2022.pdf\" target=\"_blank\" rel=\"noopener\">Plan anticorrupci\u00f3n y atenci\u00f3n al ciudadano 2022<\/a><\/h4>\n<h4><a href=\"http:\/\/www.hospitaltomasuribe.gov.co\/web\/wp-content\/uploads\/2023\/01\/Plan-Anticorrupcion-HDTUU-2023.pdf\">Plan anticorrupci\u00f3n y atenci\u00f3n al ciudadano 2023<\/a><\/h4>\n<h4><a href=\"http:\/\/www.hospitaltomasuribe.gov.co\/web\/formulario-de-inscripcion-ciudadana-a-procesos-de-participacion-instancias-o-acciones-que-ofrece-la-entidad\/\">Formulario de inscripci\u00f3n ciudadana a procesos de participaci\u00f3n, instancias o acciones\u00a0 \u00a0 \u00a0 \u00a0 \u00a0 \u00a0 \u00a0 \u00a0 \u00a0 \u00a0 \u00a0 \u00a0 \u00a0 \u00a0 \u00a0 \u00a0 \u00a0 \u00a0 \u00a0 \u00a0 \u00a0 \u00a0 \u00a0 \u00a0 \u00a0 \u00a0 \u00a0 <\/a><a href=\"http:\/\/www.hospitaltomasuribe.gov.co\/web\/formulario-de-inscripcion-ciudadana-a-procesos-de-participacion-instancias-o-acciones-que-ofrece-la-entidad\/\">que ofrece la entidad<\/a><\/h4>\n<h4><a href=\"http:\/\/www.hospitaltomasuribe.gov.co\/web\/blog\/\">Canal de interacci\u00f3n deliberatoria para la participaci\u00f3n ciudadana<\/a><\/h4>\n","protected":false},"excerpt":{"rendered":"<p>\u00bfDe qu\u00e9 se trata el men\u00fa participa? El men\u00fa participa es donde puede encontrar las opciones de participaci\u00f3n ciudadana con la E.S.E Hospital Departamental Tom\u00e1s Uribe Uribe de Tulu\u00e1. &nbsp; \u00bfCuales son las secciones que lo integran? 1. Procesos organizacionales. 2. Herramientas de evaluaci\u00f3n. 3. Noticias y eventos &nbsp; \u00bfC\u00f3mo se puede participar? En las&hellip; <a class=\"continue\" href=\"https:\/\/www.hospitaltomasuribe.gov.co\/web\/participacion-para-el-diagnostico-de-necesidades-e-identificacion-de-problemas\/\">seguir leyendo<span> Participaci\u00f3n para el diagn\u00f3stico de necesidades e identificaci\u00f3n de problemas<\/span><\/a><\/p>\n","protected":false},"author":1,"featured_media":0,"parent":0,"menu_order":0,"comment_status":"closed","ping_status":"closed","template":"","meta":{"om_disable_all_campaigns":false,"_monsterinsights_skip_tracking":false,"_monsterinsights_sitenote_active":false,"_monsterinsights_sitenote_note":"","_monsterinsights_sitenote_category":0,"footnotes":""},"class_list":["post-3362","page","type-page","status-publish","hentry"],"aioseo_notices":[],"_links":{"self":[{"href":"https:\/\/www.hospitaltomasuribe.gov.co\/web\/wp-json\/wp\/v2\/pages\/3362"}],"collection":[{"href":"https:\/\/www.hospitaltomasuribe.gov.co\/web\/wp-json\/wp\/v2\/pages"}],"about":[{"href":"https:\/\/www.hospitaltomasuribe.gov.co\/web\/wp-json\/wp\/v2\/types\/page"}],"author":[{"embeddable":true,"href":"https:\/\/www.hospitaltomasuribe.gov.co\/web\/wp-json\/wp\/v2\/users\/1"}],"replies":[{"embeddable":true,"href":"https:\/\/www.hospitaltomasuribe.gov.co\/web\/wp-json\/wp\/v2\/comments?post=3362"}],"version-history":[{"count":18,"href":"https:\/\/www.hospitaltomasuribe.gov.co\/web\/wp-json\/wp\/v2\/pages\/3362\/revisions"}],"predecessor-version":[{"id":6536,"href":"https:\/\/www.hospitaltomasuribe.gov.co\/web\/wp-json\/wp\/v2\/pages\/3362\/revisions\/6536"}],"wp:attachment":[{"href":"https:\/\/www.hospitaltomasuribe.gov.co\/web\/wp-json\/wp\/v2\/media?parent=3362"}],"curies":[{"name":"wp","href":"https:\/\/api.w.org\/{rel}","templated":true}]}}